tors of 1368?
2, 3, 19
List the prime factors of 840.
2, 3, 5, 7
List the prime factors of 25768.
2, 3221
What are the prime factors of 3251?
3251
What are the prime factors of 1672?
2, 11, 19
List the prime factors of 19335.
3, 5, 1289
List the prime factors of 40926.
2, 3, 19, 359
What are the prime factors of 6936?
2, 3, 17
List the prime factors of 2302.
2, 1151
List the prime factors of 19292.
2, 7, 13, 53
List the prime factors of 1000.
2, 5
List the prime factors of 49226.
2, 151, 163
List the prime factors of 2033.
19, 107
What are the prime factors of 151?
151
What are the prime factors of 371?
7, 53
List the prime factors of 18671.
18671
What are the prime factors of 1058?
2, 23
List the prime factors of 182378.
2, 7, 1861
What are the prime factors of 9806?
2, 4903
What are the prime factors of 1052?
2, 263
List the prime factors of 1342.
2, 11, 61
List the prime factors of 5140.
2, 5, 257
What are the prime factors of 27879?
3, 9293
What are the prime factors of 73620?
2, 3, 5, 409
What are the prime factors of 10578?
2, 3, 41, 43
What are the prime factors of 1276?
2, 11, 29
List the prime factors of 1134.
2, 3, 7
List the prime factors of 6518.
2, 3259
List the prime factors of 11276.
2, 2819
What are the prime factors of 9566?
2, 4783
What are the prime factors of 548?
2, 137
List the prime factors of 66753.
3, 7417
What are the prime factors of 252?
2, 3, 7
What are the prime factors of 2391?
3, 797
List the prime factors of 3178.
2, 7, 227
What are the prime factors of 28207?
67, 421
List the prime factors of 2375.
5, 19
List the prime factors of 1972.
2, 17, 29
What are the prime factors of 4450?
2, 5, 89
List the prime factors of 5070.
2, 3, 5, 13
What are the prime factors of 7653?
3, 2551
What are the prime factors of 574?
2, 7, 41
What are the prime factors of 5504?
2, 43
List the prime factors of 1300.
2, 5, 13
List the prime factors of 94937.
139, 683
What are the prime factors of 1385?
5, 277
List the prime factors of 815.
5, 163
What are the prime factors of 1134?
2, 3, 7
What are the prime factors of 128614?
2, 107, 601
What are the prime factors of 1461?
3, 487
What are the prime factors of 29631?
3, 7, 17, 83
What are the prime factors of 4848?
2, 3, 101
What are the prime factors of 7299?
3, 811
What are the prime factors of 38065?
5, 23, 331
What are the prime factors of 2231?
23, 97
What are the prime factors of 1324?
2, 331
What are the prime factors of 2086?
2, 7, 149
List the prime factors of 2247.
3, 7, 107
What are the prime factors of 14144?
2, 13, 17
List the prime factors of 44109.
3, 13, 29
What are the prime factors of 38881?
59, 659
What are the prime factors of 28081?
28081
What are the prime factors of 953?
953
List the prime factors of 1057.
7, 151
List the prime factors of 564.
2, 3, 47
What are the prime factors of 2840?
2, 5, 71
List the prime factors of 1744.
2, 109
What are the prime factors of 1091?
1091
What are the prime factors of 22974?
2, 3, 7, 547
List the prime factors of 1984.
2, 31
List the prime factors of 55546.
2, 27773
List the prime factors of 61626.
2, 3, 10271
What are the prime factors of 205?
5, 41
List the prime factors of 1643.
31, 53
What are the prime factors of 23868?
2, 3, 13, 17
List the prime factors of 31816.
2, 41, 97
List the prime factors of 5654.
2, 11, 257
What are the prime factors of 2628?
2, 3, 73
What are the prime factors of 9583?
7, 37
What are the prime factors of 55649?
11, 5059
What are the prime factors of 17121?
3, 13, 439
List the prime factors of 5585.
5, 1117
What are the prime factors of 1885?
5, 13, 29
List the prime factors of 9619.
9619
List the prime factors of 3268.
2, 19, 43
What are the prime factors of 1136?
2, 71
List the prime factors of 22122.
2, 3, 1229
List the prime factors of 53884.
2, 19, 709
List the prime factors of 59303.
31, 1913
What are the prime factors of 7333?
7333
List the prime factors of 281.
281
List the prime factors of 24767.
24767
What are the prime factors of 45020?
2, 5, 2251
What are the prime factors of 52632?
2, 3, 17, 43
What are the prime factors of 15777?
3, 1753
What are the prime factors of 12016?
2, 751
What are the prime factors of 726?
2, 3, 11
What are the prime factors of 1644?
2, 3, 137
List the prime factors of 4269.
3, 1423
What are the prime factors of 5536?
2, 173
List the prime factors of 58609.
29, 43, 47
What are the prime factors of 40068?
2, 3, 7, 53
List the prime factors of 117.
3, 13
What are the prime factors of 1149?
3, 383
What are the prime factors of 10538?
2, 11, 479
What are the prime factors of 6321?
3, 7, 43
What are the prime factors of 49686?
2, 3, 7, 13
List the prime factors of 40314.
2, 3, 6719
What are the prime factors of 2336?
2, 73
What are the prime factors of 49152?
2, 3
List the prime factors of 27969.
3, 9323
List the prime factors of 2385.
3, 5, 53
List the prime factors of 25036.
2, 11, 569
What are the prime factors of 131704?
2, 101, 163
What are the prime factors of 603?
3, 67
List the prime factors of 10309.
13, 61
List the prime factors of 708.
2, 3, 59
List the prime factors of 7695.
3, 5, 19
List the prime factors of 4118.
2, 29, 71
List the prime factors of 928.
2, 29
What are the prime factors of 9879?
3, 37, 89
List the prime factors of 3595.
5, 719
List the prime factors of 1366.
2, 683
What are the prime factors of 25759?
25759
List the prime factors of 181.
181
What are the prime factors of 923?
13, 71
What are the prime factors of 102459?
3, 7, 17, 41
List the prime factors of 55463.
37, 1499
List the prime factors of 106341.
3, 35447
List the prime factors of 29947.
29947
List the prime factors of 62016.
2, 3, 17, 19
List the prime factors of 9530.
2, 5, 953
List the prime factors of 6779.
6779
What are the prime factors of 3986?
2, 1993
List the prime factors of 13119.
3, 4373
What are the prime factors of 9218?
2, 11, 419
What are the prime factors of 1673?
7, 239
What are the prime factors of 1303?
1303
What are the prime factors of 601?
601
List the prime factors of 156.
2, 3, 13
List the prime factors of 3673.
3673
What are the prime factors of 1536?
2, 3
List the prime factors of 12817.
7, 1831
List the prime factors of 61665.
3, 5, 4111
List the prime factors of 6343.
6343
List the prime factors of 52.
2, 13
What are the prime factors of 1768?
2, 13, 17
What are the prime factors of 11278?
2, 5639
What are the prime factors of 904?
2, 113
List the prime factors of 379.
379
List the prime factors of 617.
617
List the prime factors of 16939.
13, 1303
List the prime factors of 12065.
5, 19, 127
List the prime factors of 9434.
2, 53, 89
List the prime factors of 4404.
2, 3, 367
List the prime factors of 12514.
2, 6257
What are the prime factors of 3325?
5, 7, 19
List the prime factors of 2269.
2269
List the prime factors of 4904.
2, 613
List the prime factors of 26275.
5, 1051
What are the prime factors of 6570?
2, 3, 5, 73
What are the prime factors of 680?
2, 5, 17
What are the prime factors of 162?
2, 3
What are the prime factors of 2979?
3, 331
List the prime factors of 59179.
23, 31, 83
What are the prime factors of 6443?
17, 379
What are the prime factors of 9404?
2, 2351
What are the prime factors of 3174?
2, 3, 23
What are the prime factors of 407?
11, 37
What are the prime factors of 2517?
3, 839
List the prime factors of 15566.
2, 43, 181
What are the prime factors of 487?
487
List the prime factors of 3195.
3, 5, 71
List the prime factors of 6240.
2, 3, 5, 13
What are the prime factors of 42737?
42737
List the prime factors of 668.
2, 167
List the prime factors of 80401.
37, 41, 53
List the prime factors of 12758.
2, 6379
What are the prime factors of 2553?
3, 23, 37
List the prime factors of 140.
2, 5, 7
List the prime factors of 1262.
2, 631
What are the prime factors of 2444?
2, 13, 47
What are the prime factors of 481?
13, 37
List the prime factors of 7231.
7, 1033
What are the prime factors of 88624?
2, 29, 191
List the prime factors of 956.
2, 239
List the prime factors of 22736.
2, 7, 29
List the prime factors of 2214.
2, 3, 41
List the prime factors of 7009.
43, 163
List the prime factors of 18498.
2, 3, 3083
What are the prime factors of 821?
821
What are the prime factors of 1636?
2, 409
What are the prime factors of 703